reds digit of 645558374?
3
What is the hundreds digit of 9194002?
0
What is the hundreds digit of 36881058?
0
What is the ten millions digit of 34075605?
3
What is the ten millions digit of 706759167?
0
What is the thousands digit of 54394969?
4
What is the tens digit of 896065271?
7
What is the units digit of 71091504?
4
What is the thousands digit of 95309962?
9
What is the millions digit of 555406611?
5
What is the units digit of 296157?
7
What is the tens digit of 828503187?
8
What is the hundred millions digit of 202502307?
2
What is the millions digit of 87003576?
7
What is the hundreds digit of 442494169?
1
What is the ten thousands digit of 784163975?
6
What is the billions digit of 1557791669?
1
What is the tens digit of 172194860?
6
What is the hundreds digit of 99072319?
3
What is the ten thousands digit of 11781097?
8
What is the ten millions digit of 312110013?
1
What is the hundreds digit of 105181380?
3
What is the units digit of 141402391?
1
What is the ten thousands digit of 97797775?
9
What is the thousands digit of 62375199?
5
What is the thousands digit of 332380621?
0
What is the billions digit of 1409497533?
1
What is the hundreds digit of 182353506?
5
What is the millions digit of 73210552?
3
What is the millions digit of 106165682?
6
What is the hundreds digit of 205950385?
3
What is the units digit of 45972065?
5
What is the units digit of 22661523?
3
What is the billions digit of 1300990260?
1
What is the tens digit of 96492086?
8
What is the ten millions digit of 10497883?
1
What is the millions digit of 34193859?
4
What is the hundreds digit of 37209444?
4
What is the ten millions digit of 94343785?
9
What is the ten thousands digit of 26044600?
4
What is the ten millions digit of 505155992?
0
What is the units digit of 62271230?
0
What is the hundred thousands digit of 61290048?
2
What is the units digit of 9588063?
3
What is the tens digit of 2341795572?
7
What is the thousands digit of 503504411?
4
What is the hundred thousands digit of 4616105?
6
What is the thousands digit of 4321304024?
4
What is the ten millions digit of 52470017?
5
What is the hundred thousands digit of 35473768?
4
What is the ten thousands digit of 87566979?
6
What is the thousands digit of 629552443?
2
What is the hundred thousands digit of 8761003?
7
What is the hundred millions digit of 773141615?
7
What is the tens digit of 514018396?
9
What is the tens digit of 45606349?
4
What is the millions digit of 402957135?
2
What is the hundred thousands digit of 2545194181?
1
What is the ten millions digit of 10999209?
1
What is the ten thousands digit of 357661084?
6
What is the hundreds digit of 40120931?
9
What is the ten millions digit of 659469576?
5
What is the hundred millions digit of 2454283564?
4
What is the millions digit of 981914464?
1
What is the millions digit of 1154712584?
4
What is the hundred millions digit of 1801528382?
8
What is the hundreds digit of 4171358847?
8
What is the thousands digit of 263076415?
6
What is the millions digit of 367922692?
7
What is the hundred millions digit of 101716541?
1
What is the hundred millions digit of 318533554?
3
What is the ten millions digit of 61304871?
6
What is the millions digit of 309652050?
9
What is the ten millions digit of 2235146054?
3
What is the ten thousands digit of 2318160425?
6
What is the thousands digit of 3908332820?
2
What is the hundred thousands digit of 126527780?
5
What is the thousands digit of 22556814?
6
What is the millions digit of 91620308?
1
What is the ten millions digit of 173147112?
7
What is the hundred thousands digit of 155015749?
0
What is the millions digit of 23503291?
3
What is the millions digit of 267970731?
7
What is the thousands digit of 10247978?
7
What is the tens digit of 25441665?
6
What is the hundreds digit of 1628749921?
9
What is the tens digit of 2797017450?
5
What is the billions digit of 3242203006?
3
What is the thousands digit of 87949931?
9
What is the ten millions digit of 262603518?
6
What is the tens digit of 1269217412?
1
What is the thousands digit of 229214620?
4
What is the ten millions digit of 303570733?
0
What is the ten millions digit of 43147306?
4
What is the ten thousands digit of 69632758?
3
What is the ten millions digit of 965314662?
6
What is the billions digit of 2962421526?
2
What is the hundreds digit of 41572489?
4
What is the hundreds digit of 2257729138?
1
What is the units digit of 1142267484?
4
What is the units digit of 82626671?
1
What is the ten millions digit of 6923904928?
2
What is the ten thousands digit of 1105254203?
5
What is the tens digit of 86347557?
5
What is the hundred millions digit of 1593921053?
5
What is the thousands digit of 59567487?
7
What is the ten thousands digit of 2469559262?
5
What is the hundreds digit of 338837613?
6
What is the millions digit of 2112783913?
2
What is the millions digit of 160832402?
0
What is the units digit of 81945246?
6
What is the ten millions digit of 58161858?
5
What is the tens digit of 41671906?
0
What is the ten millions digit of 231513525?
3
What is the ten thousands digit of 44011621?
1
What is the hundreds digit of 66268435?
4
What is the tens digit of 2098650283?
8
What is the units digit of 3571668401?
1
What is the hundred thousands digit of 1386652326?
6
What is the ten thousands digit of 45488312?
8
What is the tens digit of 348869512?
1
What is the ten thousands digit of 83862993?
6
What is the millions digit of 461872773?
1
What is the hundreds digit of 210182651?
6
What is the thousands digit of 215386443?
6
What is the billions digit of 2308291561?
2
What is the millions digit of 213023544?
3
What is the hundred millions digit of 494727163?
4
What is the units digit of 350064463?
3
What is the hundred thousands digit of 582646164?
6
What is the units digit of 143335627?
7
What is the hundred thousands digit of 226179599?
1
What is the tens digit of 68279097?
9
What is the units digit of 1759882448?
8
What is the hundreds digit of 192960019?
0
What is the units digit of 141503017?
7
What is the hundred thousands digit of 214657602?
6
What is the tens digit of 1399002?
0
What is the millions digit of 686219435?
6
What is the tens digit of 60012946?
4
What is the hundreds digit of 180170291?
2
What is the tens digit of 77015593?
9
What is the thousands digit of 131563227?
3
What is the ten thousands digit of 423940062?
4
What is the hundreds digit of 704712094?
0
What is the units digit of 61948959?
9
What is the hundreds digit of 128320444?
4
What is the units digit of 17533204?
4
What is the thousands digit of 825965667?
5
What is the hundred thousands digit of 799095936?
0
What is the millions digit of 551958505?
1
What is the thousands digit of 1094533776?
3
What is the thousands digit of 831902109?
2
What is the ten thousands digit of 3799387950?
8
What is the hundreds digit of 2787463737?
7
What is the hundred thousands digit of 170169328?
1
What is the hundreds digit of 1606203296?
2
What is the thousands digit of 148905728?
5
What is the tens digit of 8496272718?
1
What is the units digit of 1308050998?
8
What is the millions digit of 2371115?
2
What is the millions digit of 594381207?
4
What is the ten thousands digit of 10193813?
9
What is the units digit of 146012869?
9
What is the tens digit of 98226568?
6
What is the units digit of 893987972?
2
What is the units digit of 61448809?
9
What is the ten thousands digit of 264854649?
5
What is the billions digit of 1006008497?
1
What is the units digit of 242003334?
4
What is the millions digit of 817369377?
7
What is the millions digit of 227386061?
7
What is the ten millions digit of 1255615503?
5
What is the millions digit of 98274997?
8
What is the thousands digit of 338613290?
3
What is the thousands digit of 72000742?
0
What is the ten thousands digit of 2468985851?
8
What is the millions digit of 237875440?
7
What is the hundreds digit of 301973570?
5
What is the hundreds digit of 62069368?
3
What is the thousands digit of 206301053?
1
What is the units digit of 71130882?
2
What is the hundreds digit of 48749589?
5
What is the millions digit of 344106506?
4
What is the ten millions digit of 67765541?
6
What is the ten millions digit of 10789442?
1
What is the milli